{"id":2511,"date":"2025-04-29T21:14:29","date_gmt":"2025-04-29T21:14:29","guid":{"rendered":"https:\/\/ljardalur.is\/?post_type=product&#038;p=2511"},"modified":"2025-09-08T09:11:02","modified_gmt":"2025-09-08T09:11:02","slug":"ht18","status":"publish","type":"product","link":"https:\/\/ljardalur.is\/?product=ht18","title":{"rendered":"HT18"},"content":{"rendered":"<p>H\u00fan er me\u00f0 pedala fyrir keyrslu \u00e1samt pedala fyrir glussa\u00fartaki\u00f0 \u00e1 b\u00f3munni sem gerir \u00fea\u00f0 mj\u00f6g au\u00f0velt a\u00f0 vinna me\u00f0 tilt sk\u00f3flu t.d<\/p>\n<p>V\u00e9lin er me\u00f0 opnanlega framr\u00fa\u00f0u sem veitir mikla hj\u00e1lp \u00feegar \u00fea\u00f0 \u00fearf a\u00f0 vinna \u00ed rigningu e\u00f0a \u00ed rykugu umhverfi.<\/p>\n<p><strong>\u00deyngd<\/strong>: 1800kg<br \/>\n<strong>V\u00e9l<\/strong>: Kubota D722<br \/>\n<strong>Afl<\/strong>: 16,3hp\/3600rpm<br \/>\n<strong>Eldsneyti<\/strong>: D\u00edsel<br \/>\n<strong>B\u00fana\u00f0ur<\/strong>: Sveigjanleg b\u00f3ma, breikkanlegur undirvagn, mekan\u00edskt hra\u00f0tengi, 40cm sk\u00f3fla, glussast\u00fdr\u00f0ur \u00feumall, hitari \u00ed h\u00fasi.<\/p>\n","protected":false},"excerpt":{"rendered":"<p><strong>Afm\u00e6li\u00f0stilbo\u00f0 \u00ed september<\/strong><br \/>\n<strong>Ver\u00f0 \u00e1n vsk<\/strong><br \/>\n<strong>Grei\u00f0a \u00fearf 50% sta\u00f0festingargjald<\/strong><br \/>\n<strong>\u00c1\u00e6tlu\u00f0 afhending mars 2026<\/strong><\/p>\n<p>HT18 er minnsta v\u00e9lin sem vi\u00f0 bj\u00f3\u00f0um upp\u00e1 me\u00f0 vatnsk\u00e6ldri v\u00e9l en \u00ed henni er Kubota D722 sem er g\u00edfurlega kraftmikil \u00fer\u00e1tt fyrir sm\u00e1a st\u00e6r\u00f0 og \u00feekkt fyrir \u00e1r\u00e1\u00f0anleika en l\u00e9tt leit \u00e1 netinu skilar miklum lofum fyrir \u00feessa litlu v\u00e9l.<\/p>\n<p>Hafi\u00f0 samband vi\u00f0 arnar@ljardalur fyrir frekari uppl\u00fdsingar.<\/p>\n","protected":false},"featured_media":2517,"template":"","meta":{"site-sidebar-layout":"default","site-content-layout":"","ast-site-content-layout":"default","site-content-style":"default","site-sidebar-style":"default","ast-global-header-display":"","ast-banner-title-visibility":"","ast-main-header-display":"","ast-hfb-above-header-display":"","ast-hfb-below-header-display":"","ast-hfb-mobile-header-display":"","site-post-title":"","ast-breadcrumbs-content":"","ast-featured-img":"","footer-sml-layout":"","ast-disable-related-posts":"","theme-transparent-header-meta":"default","adv-header-id-meta":"","stick-header-meta":"","header-above-stick-meta":"","header-main-stick-meta":"","header-below-stick-meta":"","astra-migrate-meta-layouts":"set","ast-page-background-enabled":"default","ast-page-background-meta":{"desktop":{"background-color":"","background-image":"","background-repeat":"repeat","background-position":"center center","background-size":"auto","background-attachment":"scroll","background-type":"","background-media":"","overlay-type":"","overlay-color":"","overlay-opacity":"","overlay-gradient":""},"tablet":{"background-color":"","background-image":"","background-repeat":"repeat","background-position":"center center","background-size":"auto","background-attachment":"scroll","background-type":"","background-media":"","overlay-type":"","overlay-color":"","overlay-opacity":"","overlay-gradient":""},"mobile":{"background-color":"","background-image":"","background-repeat":"repeat","background-position":"center center","background-size":"auto","background-attachment":"scroll","background-type":"","background-media":"","overlay-type":"","overlay-color":"","overlay-opacity":"","overlay-gradient":""}},"ast-content-background-meta":{"desktop":{"background-color":"var(--ast-global-color-5)","background-image":"","background-repeat":"repeat","background-position":"center center","background-size":"auto","background-attachment":"scroll","background-type":"","background-media":"","overlay-type":"","overlay-color":"","overlay-opacity":"","overlay-gradient":""},"tablet":{"background-color":"var(--ast-global-color-5)","background-image":"","background-repeat":"repeat","background-position":"center center","background-size":"auto","background-attachment":"scroll","background-type":"","background-media":"","overlay-type":"","overlay-color":"","overlay-opacity":"","overlay-gradient":""},"mobile":{"background-color":"var(--ast-global-color-5)","background-image":"","background-repeat":"repeat","background-position":"center center","background-size":"auto","background-attachment":"scroll","background-type":"","background-media":"","overlay-type":"","overlay-color":"","overlay-opacity":"","overlay-gradient":""}}},"product_brand":[],"product_cat":[27],"product_tag":[52],"class_list":{"0":"post-2511","1":"product","2":"type-product","3":"status-publish","4":"has-post-thumbnail","6":"product_cat-grofur","7":"product_tag-ht18","8":"desktop-align-left","9":"tablet-align-left","10":"mobile-align-left","12":"first","13":"instock","14":"sale","15":"taxable","16":"shipping-taxable","17":"product-type-simple"},"_links":{"self":[{"href":"https:\/\/ljardalur.is\/index.php?rest_route=\/wp\/v2\/product\/2511","targetHints":{"allow":["GET"]}}],"collection":[{"href":"https:\/\/ljardalur.is\/index.php?rest_route=\/wp\/v2\/product"}],"about":[{"href":"https:\/\/ljardalur.is\/index.php?rest_route=\/wp\/v2\/types\/product"}],"wp:featuredmedia":[{"embeddable":true,"href":"https:\/\/ljardalur.is\/index.php?rest_route=\/wp\/v2\/media\/2517"}],"wp:attachment":[{"href":"https:\/\/ljardalur.is\/index.php?rest_route=%2Fwp%2Fv2%2Fmedia&parent=2511"}],"wp:term":[{"taxonomy":"product_brand","embeddable":true,"href":"https:\/\/ljardalur.is\/index.php?rest_route=%2Fwp%2Fv2%2Fproduct_brand&post=2511"},{"taxonomy":"product_cat","embeddable":true,"href":"https:\/\/ljardalur.is\/index.php?rest_route=%2Fwp%2Fv2%2Fproduct_cat&post=2511"},{"taxonomy":"product_tag","embeddable":true,"href":"https:\/\/ljardalur.is\/index.php?rest_route=%2Fwp%2Fv2%2Fproduct_tag&post=2511"}],"curies":[{"name":"wp","href":"https:\/\/api.w.org\/{rel}","templated":true}]}}